ber?
True
Is 33619 a prime number?
True
Is 4699 prime?
False
Is 33563 prime?
True
Is 387719 prime?
False
Is 115247 a composite number?
True
Is 7243 a composite number?
False
Is 3667721 composite?
False
Is 42859 a prime number?
True
Is 828895 composite?
True
Is 50327 composite?
True
Is 994141 a composite number?
False
Is 562081 a composite number?
True
Is 606327 a composite number?
True
Is 2547245 prime?
False
Is 10559 prime?
True
Is 7397 composite?
True
Is 44053 a composite number?
False
Is 41977 a prime number?
False
Is 46639 a prime number?
True
Is 45814 a composite number?
True
Is 145289 prime?
True
Is 193931 a composite number?
True
Is 6121 prime?
True
Is 216317 composite?
False
Is 13521 prime?
False
Is 192017 prime?
False
Is 8287 a composite number?
False
Is 4439 a composite number?
True
Is 30242 composite?
True
Is 8009 a composite number?
False
Is 177797 prime?
True
Is 371361 prime?
False
Is 53827 a prime number?
False
Is 12515 prime?
False
Is 36551 a composite number?
False
Is 6828295 a composite number?
True
Is 12581 a prime number?
False
Is 59759 a composite number?
True
Is 4369 prime?
False
Is 27338 prime?
False
Is 6905 a prime number?
False
Is 10015 a prime number?
False
Is 2618211 prime?
False
Is 645833 a prime number?
True
Is 3707 a composite number?
True
Is 701413 a composite number?
False
Is 236339 prime?
True
Is 584249 prime?
True
Is 1319 a composite number?
False
Is 13649 a composite number?
False
Is 9277 a composite number?
False
Is 220231 prime?
False
Is 285343 a prime number?
True
Is 6387 a composite number?
True
Is 1118123 a prime number?
True
Is 9781 prime?
True
Is 4736023 a composite number?
False
Is 1072419 a prime number?
False
Is 58991 a composite number?
False
Is 326023 a prime number?
True
Is 326773 composite?
False
Is 4903 prime?
True
Is 91477 a prime number?
False
Is 3337981 a prime number?
False
Is 214751 prime?
False
Is 64703 composite?
True
Is 210097 prime?
True
Is 34439 a prime number?
True
Is 10169 composite?
False
Is 73211 composite?
True
Is 107339 composite?
False
Is 4105 a prime number?
False
Is 8069 composite?
False
Is 828281 prime?
False
Is 1535 prime?
False
Is 727049 a prime number?
True
Is 8657 a composite number?
True
Is 53881 prime?
True
Is 10667 a prime number?
True
Is 161165 a prime number?
False
Is 115459 prime?
True
Is 471455 a prime number?
False
Is 195677 composite?
False
Is 20563 prime?
True
Is 59795 composite?
True
Is 56767 a composite number?
False
Is 5267 prime?
False
Is 413099 prime?
False
Is 59113 composite?
False
Is 497317 composite?
True
Is 202406 a composite number?
True
Is 101553 a composite number?
True
Is 1599263 prime?
False
Is 28319 prime?
True
Is 509365 composite?
True
Is 33869 composite?
True
Is 57329 composite?
False
Is 394071 a composite number?
True
Is 1808845 a prime number?
False
Is 10061 composite?
False
Is 31357 a composite number?
False
Is 2521 a composite number?
False
Is 4741 prime?
False
Is 473245 prime?
False
Is 14519 composite?
False
Is 366353 a composite number?
True
Is 274349 a composite number?
False
Is 9371 composite?
False
Is 831191 composite?
False
Is 4229 prime?
True
Is 313093 a prime number?
False
Is 1622917 prime?
True
Is 1384189 a prime number?
True
Is 14741 prime?
True
Is 406951 prime?
True
Is 75139 a prime number?
False
Is 1293 a composite number?
True
Is 1979 a prime number?
True
Is 62261 composite?
True
Is 164071 prime?
True
Is 23267 a prime number?
False
Is 16495 a prime number?
False
Is 107417 prime?
False
Is 518497 a composite number?
True
Is 106817 composite?
True
Is 6881 a prime number?
False
Is 39374 composite?
True
Is 22807 a composite number?
False
Is 247451 a prime number?
True
Is 26459 composite?
False
Is 14167 a prime number?
False
Is 97957 a composite number?
True
Is 97315 composite?
True
Is 56657 composite?
True
Is 740717 prime?
True
Is 5039 a prime number?
True
Is 47653 composite?
False
Is 7853 prime?
True
Is 3377 a prime number?
False
Is 27887 prime?
False
Is 20239 composite?
True
Is 2933 composite?
True
Is 256441 a prime number?
True
Is 553 composite?
True
Is 7387 composite?
True
Is 78731 prime?
False
Is 16759 a prime number?
True
Is 133007 composite?
True
Is 245621 a prime number?
True
Is 15781 composite?
True
Is 29333 prime?
True
Is 38149 prime?
True
Is 769 prime?
True
Is 71405 composite?
True
Is 198887 prime?
False
Is 827935 a composite number?
True
Is 20467 composite?
True
Is 119233 prime?
True
Is 2333 prime?
True
Is 9413 a prime number?
True
Is 1682623 a composite number?
True
Is 18185 composite?
True
Is 2063 prime?
True
Is 30427 prime?
True
Is 599421 a prime number?
False
Is 37121 prime?
False
Is 246739 composite?
False
Is 16589 composite?
True
Is 9389 prime?
False
Is 4507 prime?
True
Is 26671 composite?
True
Is 51994 composite?
True
Is 2777 a prime number?
True
Is 231113 a composite number?
True
Is 623306 a prime number?
False
Is 4163 a prime number?
False
Is 90599 a prime number?
True
Is 9029 prime?
True
Is 18742 composite?
True
Is 1053179 a composite number?
False
Is 37483 a composite number?
False
Is 766529 prime?
False
Is 6766385 a composite number?
True
Is 68351 composite?
False
Is 4409 a composite number?
False
Is 2122 composite?
True
Is 15353 composite?
True
Is 57497 prime?
False
Is 104771 prime?
False
Is 158293 a composite number?
False
Is 1249 composite?
False
Is 68171 a composite number?
False
Is 5087 composite?
False
Is 6163 composite?
False
Is 53677 a prime number?
False
Is 40319 prime?
False
Is 218962 a prime number?
False
Is 9957 a composite number?
True
Is 30026 a composite number?
True
Is 54037 a prime number?
True
Is 65447 a prime number?
True
Is 674153 a composite number?
True
Is 20047 a composite number?
False
Is 97211 prime?
False
Is 95603 a composite number?
False
Is 36241 composite?
False
Is 525127 a composite number?
False
Is 132589 a composite number?
False
Is 25706 composite?
True
Is 12889 a composite number?
False
Is 20099 a prime number?
False
Is 163 prime?
True
Is 22067 a prime number?
True
Is 192353 prime?
False
Is 11971 a prime number?
True
Is 63577 a composite number?
False
Is 18919 a prime number?
True
Is 44989 prime?
False
Is 1061443 a composite number?
True
Is 72161 a prime number?
True
Is 394431 composite?
True
Is 2643383 a prime number?
True
Is 4321 prime?
False
Is 7669 a prime number?
True
Is 269513 composite?
False
Is 269459 a composite number?
True
Is 430246 prime?
False
Is 9731 composite?
True
Is 425351 composite?
True
Is 36467 prime?
True
Is 2929 prime?
False
Is 624107 a prime number?
False
Is 59134 a composite number?
True
Is 335519 prime?
True
Is 178393 composite?
False
Is 117778 prime?
False
Is 116833 a composite number?
False
Is 7699 a prime number?
True
Is 689 a composite number?
True
Is 934033 a composite number?
False
Is 36447 composite?
True
Is 73181 prime?
True
Is 1175771 a composite number?
True
Is 251 a prime number?
True
Is 445934 prime?
False
Is 417251 composite?
False
Is 277271 a composite number?
True
Is 36061 a composite number?
False
Is 3516901 prime?
False
Is 6581 a prime number?
True
Is 24329 a prime number?
True
Is 1058567 prime?
True
Is 1041077 a prime number?
True
Is 46981 a composite number?
True
Is 654359 composite?
True
Is 11657 a composite number?
False
Is 940483 a prime number?
True
Is 6977 a composite number?
False
Is 4535 prime?
False
Is 14699 prime?
True
Is 55793 composite?
False
Is 302657 composite?
True
Is 25687 composite?
True
Is 93305 composite?
True
Is 9143 a composite number?
True
Is 2393 a prime number?
True
Is 16658 a composite number?
True
Is 763082 a prime number?
False
Is 61445 composite?
True
Is 42089 a prime number?
True
Is 3453 prime?
False
Is 4109 a prime number?
False
Is 48283 a composite number?
True
Is 14489 a composite number?
False
Is 43721 composite?
False
Is 33407 a prime number?
False
Is 220243 prime?
True
Is 28699 a composite number?
True
Is 4307 a prime number?
False
Is 11957 composite?
True
Is 14387 composite?
False
Is 62897 a composite number?
False
Is 236609 prime?
True
Is 505 a composite number?
True
Is 342187 composite?
False
Is 5191 a prime number?
False
Is 991 a prime number?
True
Is 119797 a prime number?
True
Is 1294721 a prime number?
True
Is 341191 prime?
True
Is 89009 a prime number?
True
Is 31279 prime?
False
Is 33753